10. What is a(7)?
-45
Let z(w) = -w**3 - 16*w**2 + 47*w + 877. Give z(-15).
-53
Let w(d) = -841*d - 36. What is w(0)?
-36
Let m(g) = -9*g**2 + 462*g + 324. Calculate m(52).
12
Let y(k) = k + 2. Give y(38).
40
Let s(x) = 440*x + 2692. What is s(-6)?
52
Let a(f) = -7*f - 131. Calculate a(-19).
2
Let j(d) = -2*d**3 + 75*d**2 + 25*d + 394. What is j(38)?
-100
Let k(a) = 4650*a + 23251. Determine k(-5).
1
Let l(a) = -a - 20. Calculate l(-10).
-10
Let m(p) = p**3 - 18*p**2 + 57*p - 1. Determine m(14).
13
Let t(k) = -k**3 + 8*k**2 - 6*k - 11. Calculate t(7).
-4
Let m(w) = -3*w**2 - 22*w + 222. What is m(6)?
-18
Let f(w) = -592*w + 5928. What is f(10)?
8
Let u(a) = 2*a**2 - 24*a - 58. Determine u(-5).
112
Let n(a) = 3*a**3 - 4*a**2 + 32*a - 117. Calculate n(3).
24
Let p(g) = -g**3 + 37*g**2 - 32*g - 129. Give p(36).
15
Let s(x) = -3*x**2 - 52*x - 34. Determine s(-27).
-817
Let p(a) = 9*a + 904. Give p(-101).
-5
Let w(z) = z**2 + 22*z - 450. What is w(-34)?
-42
Let i(t) = 176*t**2 - 14261*t + 405. Determine i(81).
0
Let f(p) = 3*p**2 + 89*p + 135. What is f(-28)?
-5
Let y(h) = -29*h**3 - 724*h**2 + 14*h - 283. Give y(-25).
-8
Let z(k) = 26*k + 180. Calculate z(-8).
-28
Let q(d) = -d**3 + 15*d**2 - 110*d + 1091. What is q(13)?
-1
Let r(n) = -19*n**2 - 212*n - 26. Give r(-11).
7
Let t(s) = 2*s - 94. Determine t(59).
24
Let j(q) = -513*q - 9118. What is j(-18)?
116
Let f(u) = -u**2 + 111*u + 2924. Determine f(-22).
-2
Let k(n) = -827*n + 2475. Determine k(3).
-6
Let f(v) = 2*v**3 - 18*v**2 - 139*v - 3. What is f(14)?
11
Let p(r) = -r**2 - 87*r + 1183. Determine p(13).
-117
Let o(u) = 80*u**3 - 1600*u**2 - 4*u + 73. Calculate o(20).
-7
Let u(y) = 51*y**2 + 1068*y - 65. What is u(-21)?
-2
Let v(s) = -25*s**2 + 194*s - 779. What is v(4)?
-403
Let u(j) = 619*j + 17953. Calculate u(-29).
2
Let c(f) = f**2 + 33*f + 282. Calculate c(-14).
16
Let x(s) = 162*s - 959. Determine x(6).
13
Let w(q) = -23*q**2 + 293*q - 33. Determine w(14).
-439
Let w(i) = -i**2 + 8*i - 59. What is w(9)?
-68
Let d(l) = -807*l - 2394. Calculate d(-3).
27
Let w(g) = -g**2 - 62*g + 181. Determine w(-64).
53
Let s(m) = -3*m + 10. Determine s(-31).
103
Let v(h) = 37*h**3 + 483*h**2 + 25*h - 24. Give v(-13).
-11
Let o(d) = 8*d**2 - 42*d. What is o(-3)?
198
Let i(u) = -3*u**3 + 25*u**2 - 3*u - 22. Calculate i(8).
18
Let l(r) = -r**3 - 5*r**2 + 60*r - 16. What is l(5)?
34
Let i(c) = -22*c**3 - 45*c**2 - 10*c - 17. Calculate i(-2).
-1
Let b(f) = f**2 - 1301*f - 7772. What is b(-6)?
70
Let o(u) = 1816*u - 5365. Give o(3).
83
Let c(a) = 41*a + 451. Determine c(-5).
246
Let d(p) = -21*p - 703. Determine d(-33).
-10
Let u(p) = 37*p**2 + 2433*p - 606. Calculate u(-66).
-12
Let m(n) = 103*n - 3442. Give m(33).
-43
Let z(d) = d**2 - 4771*d - 43027. Determine z(-9).
-7
Let w(a) = 2*a**2 + 16*a - 28. What is w(-5)?
-58
Let g(d) = d**3 + 12*d**2 + 2*d - 46. Calculate g(0).
-46
Let a(o) = -20*o**2 + 15*o + 37. Calculate a(-3).
-188
Let o(j) = j**3 - 23*j**2 - 21*j - 76. Calculate o(24).
-4
Let x(n) = -11*n - 50. Calculate x(0).
-50
Let d(y) = -y**3 - 9*y**2 + 47*y - 71. What is d(-13)?
-6
Let d(w) = 2*w**3 - 204*w**2 + 177*w + 2530. Calculate d(101).
5
Let w(g) = g**2 - 155*g + 4949. Determine w(45).
-1
Let r(o) = 3*o**3 + 24*o**2 - 24*o + 12. Determine r(-9).
-15
Let g(z) = -z**2 - 161*z - 3073. Calculate g(-22).
-15
Let w(l) = l**3 + 31*l**2 - 30*l + 39. Determine w(-32).
-25
Let d(n) = 580*n + 3429. Give d(-6).
-51
Let l(v) = -573*v - 45868. Calculate l(-80).
-28
Let n(t) = -198*t + 11. What is n(-1)?
209
Let j(b) = -31*b**2 - b. Calculate j(2).
-126
Let o(m) = 9*m**3 - 104*m**2 + 58*m - 21. What is o(11)?
12
Let d(y) = y**2 + 27*y + 100. Give d(-15).
-80
Let a(b) = -4*b**2 + 27*b - 60. Determine a(-11).
-841
Let l(c) = -c**2 + 7*c - 239. What is l(0)?
-239
Let a(x) = -x**2 + 156*x - 4236. Determine a(35).
-1
Let o(k) = -180*k**2 - k. What is o(-1)?
-179
Let j(u) = 57*u - 4248. Determine j(73).
-87
Let s(a) = 15*a - 53. Calculate s(0).
-53
Let u(m) = -3*m**3 - 2*m**2 - 49*m - 150. What is u(-3)?
60
Let o(d) = d**3 + 34*d**2 + 119*d + 30. Determine o(-30).
60
Let f(l) = -l**2 - 15*l + 340. Calculate f(-40).
-660
Let h(s) = s**2 + 28*s - 31. Give h(-22).
-163
Let p(n) = -28*n - 1287. Give p(-46).
1
Let z(m) = -5*m**2 - 229*m + 69. Determine z(-46).
23
Let c(z) = 9*z**2 + 71*z - 6. Give c(-8).
2
Let m(t) = t**3 - 78*t**2 + 439*t - 62. Determine m(6).
-20
Let u(w) = -4*w**3 - 7*w**2 - 20*w - 42. Determine u(-3).
63
Let q(l) = l**3 - 30*l**2 - 59*l - 88. What is q(32)?
72
Let s(b) = -6*b**3 + 42*b**2 - 4*b - 16. Calculate s(7).
-44
Let v(k) = -3*k**3 + 21*k**2 + 16*k - 49. Give v(6).
155
Let z(j) = j**3 + 71*j**2 + 59*j + 53. Give z(-70).
823
Let g(f) = -3*f**3 + 13*f**2 + 5*f + 29. Calculate g(5).
4
Let x(h) = -h**3 - 18*h**2 - 54*h + 84. Give x(-13).
-59
Let x(v) = -2*v - 42. Determine x(41).
-124
Let w(i) = -i**2 - 18*i + 639. What is w(-37)?
-64
Let y(p) = -17*p**3 + 4*p**2 - 9*p + 5. What is y(1)?
-17
Let x(d) = -2*d**3 - 34*d**2 - 25*d - 427. What is x(-17)?
-2
Let y(k) = -8*k**3 + 4*k**2 + 7*k - 4. What is y(-2)?
62
Let m(p) = -p**3 + 3*p**2 + 44*p + 3. Determine m(8).
35
Let b(x) = 3*x - 23. What is b(2)?
-17
Let w(i) = 2*i**3 + 38*i**2 - 5*i - 5. What is w(-19)?
90
Let c(o) = -o**3 + 8*o**2 + 4*o - 7. Calculate c(-3).
80
Let k(s) = 4*s**2 - 517*s. What is k(0)?
0
Let g(m) = -185*m - 2919. Calculate g(-16).
41
Let a(q) = -80*q - 1207. Determine a(-14).
-87
Let k(j) = 2*j**3 - 8*j**2 - 34. Determine k(6).
110
Let n(d) = -4*d**2 + 54*d - 166. Give n(7).
16
Let x(g) = g**3 - 90*g**2 + 113*g - 2122. Calculate x(89).
14
Let f(q) = q**3 - 21*q**2 + 115*q + 5. Determine f(9).
68
Let j(l) = l**3 + 31*l**2 + 164*l + 48. What is j(-25)?
-302
Let v(i) = -i**3 + 80*i**2 + 69*i + 964. Determine v(81).
-8
Let y(v) = 2*v**2 - 53*v - 48. Give y(22).
-246
Let i(r) = -2*r**3 + 154*r**2 + 161*r - 125. Determine i(78).
265
Let d(q) = -361*q - 7208. What is d(-20)?
12
Let w(c) = 10*c + 154. Give w(-16).
-6
Let r(b) = 27*b - 382. Determine r(13).
-31
Let d(p) = 730*p + 7306. Determine d(-10).
6
Let f(n) = n**2 - 14*n - 35. Give f(-4).
37
Let v(m) = -9*m - 338. Calculate v(-7).
-275
Let y(q) = 7*q - 196. What is y(31)?
21
Let i(t) = -2*t**2 + 36*t - 13. Give i(9).
149
Let o(g) = -81*g + 83. Calculate o(4).
-241
Let b(u) = 126*u**3 - 5*u**2 - 3*u. Give b(-1).
-128
Let p(q) = -2*q**2 + 3*q + 91. Determine p(5).
56
Let c(d) = d**2 - 21*d - 70. What is c(-5)?
60
Let f(p) = -2*p**2 + 95*p - 34. Determine f(47).
13
Let n(k) = 369*k + 741. Determine n(-2).
3
Let a(j) = j**3 + 7*j**2 + 8*j. Determine a(-5).
10
Let f(g) = 11*g - 18. Determine f(2).
4
Let o(n) = n**2 + 108*n + 410. Give o(0).
410
Let r(c) = -c**3 - 16*c**2 - c + 16. What is r(-15)?
-194
Let k(q) = 126*q - 377. Calculate k(3).
1
Let l(y) = 148*y - 14. Give l(1).
134
Let w(v) = -27*v + 1108. Give w(39).
55
Let i(d) = 416*d + 15810. Calculate i(-38).
2
Let j(q) = 37*q - 1316. What is j(35)?
-21
Let t(s) = -21*s - 2352. What is t(-109)?
-63
Let g(m) = -m**3 + 41*m**2 - 11*m + 208. What is g(41)?
-243
Let j(l) = 462*l - 4195. Determine j(9).
-37
Let j(q) = -14*q + 172. Give j(25).
-178
Let m(s) = -67*s + 86. Determine m(6).
-316
Let m(x) = 3*x + 33. Calculate m(-3).
24
Let m(c) = 2514*c + 2524. Calculate m(-1).
10
Let t(q) = -2*q**3 - 49*q**2 - 167*q - 1. What is t(-4)?
11
Let n(d) = 142*d - 5122. What is n(36)?
-10
Let y(z) = 4*z**3 - 14*z**2 - 7*z - 12. Give y(4).
-8
Let p(b) = 7*b**2 - 237*b + 237. Give p(1).
7
Let p(j) = -283*j - 393. Give p(-2).
173
Let g(w) = -w**3 + 14*w**2 + 6*w - 82. Determine g(14).
2
Let k(q) = 2*q**2 + 31*q + 86. Calculate k(-15).
71
Let v(x) = 37*x - 461. Determine v(8).
-165
Let a(f) = -2*f**3 + 130*f**2 - 1888*f - 85. Give a(22).
3
Let y(q) = -5*q + 372. Determine y(56).
92
Let i(h) = 1383*h + 5570. What is i(-4)?
38
Let a(m) = -23*m - 202. Determine a(-4).
-110
Let f(y) = y**2 + 18*y - 110. Give f(5).
5
Let q(g) = 3*g**3 - 4*g**2 + 3*g - 4. Determine q(-3).
-130
Let i(d) = d**3 - 11*d**2 + 29*d - 14. Determine i(3).
1
Let i(c) = -218*c**2 - 16*c + 23. Determine i(2).
-881
Let s(w) = w**2 - 143*w + 1173. What is s(134)?
-33
Let h(u) = -2*u**3 + 10*u**2 - 16*u + 26. Calculate h(4).
-6
Let q(k) = 193*k - 237. What is q(1)?
-44
Let o(z)